[INFO] cloning repository https://github.com/wehlutyk/infuse-deprecated
[INFO] running `Command { std: "git" "-c" "credential.helper=" "-c" "credential.helper=/workspace/cargo-home/bin/git-credential-null" "clone" "--bare" "https://github.com/wehlutyk/infuse-deprecated" "/workspace/cache/git-repos/https%3A%2F%2Fgithub.com%2Fwehlutyk%2Finfuse-deprecated", kill_on_drop: false }`
[INFO] [stderr] Cloning into bare repository '/workspace/cache/git-repos/https%3A%2F%2Fgithub.com%2Fwehlutyk%2Finfuse-deprecated'...
[INFO] running `Command { std: "git" "rev-parse" "HEAD", kill_on_drop: false }`
[INFO] [stdout] edc7569971b48fa9ad6b35b7fe2b1e028df37b0a
[INFO] building wehlutyk/infuse-deprecated against master#881c1ac408d93bb7adaa3a51dabab9266e82eee8 for issue-85264
[INFO] running `Command { std: "git" "clone" "/workspace/cache/git-repos/https%3A%2F%2Fgithub.com%2Fwehlutyk%2Finfuse-deprecated" "/workspace/builds/worker-4/source", kill_on_drop: false }`
[INFO] [stderr] Cloning into '/workspace/builds/worker-4/source'...
[INFO] [stderr] done.
[INFO] validating manifest of git repo https://github.com/wehlutyk/infuse-deprecated on toolchain 881c1ac408d93bb7adaa3a51dabab9266e82eee8
[INFO] running `Command { std: "/workspace/cargo-home/bin/cargo" "+881c1ac408d93bb7adaa3a51dabab9266e82eee8" "metadata" "--manifest-path" "Cargo.toml" "--no-deps", kill_on_drop: false }`
[INFO] started tweaking git repo https://github.com/wehlutyk/infuse-deprecated
[INFO] finished tweaking git repo https://github.com/wehlutyk/infuse-deprecated
[INFO] tweaked toml for git repo https://github.com/wehlutyk/infuse-deprecated written to /workspace/builds/worker-4/source/Cargo.toml
[INFO] crate git repo https://github.com/wehlutyk/infuse-deprecated already has a lockfile, it will not be regenerated
[INFO] running `Command { std: "/workspace/cargo-home/bin/cargo" "+881c1ac408d93bb7adaa3a51dabab9266e82eee8" "fetch" "--manifest-path" "Cargo.toml", kill_on_drop: false }`
[INFO] [stderr]  Downloading crates ...
[INFO] [stderr] warning: parsed version requirement `0.2*` is no longer valid
[INFO] [stderr] 
[INFO] [stderr] Previous versions of Cargo accepted this malformed requirement,
[INFO] [stderr] but it is being deprecated. This was found when parsing the manifest
[INFO] [stderr] of iron 0.3.0, and the correct version requirement is `0.2.*`.
[INFO] [stderr] 
[INFO] [stderr] This will soon become a hard error, so it's either recommended to
[INFO] [stderr] update to a fixed version or contact the upstream maintainer about
[INFO] [stderr] this warning.
[INFO] [stderr] 
[INFO] [stderr] warning: TOML file found which contains invalid syntax and will soon not parse
[INFO] [stderr] at `/workspace/cargo-home/registry/src/github.com-1ecc6299db9ec823/url-0.5.9/Cargo.toml`.
[INFO] [stderr] 
[INFO] [stderr] The TOML spec requires newlines after table definitions (e.g., `[a] b = 1` is
[INFO] [stderr] invalid), but this file has a table header which does not have a newline after
[INFO] [stderr] it. A newline needs to be added and this warning will soon become a hard error
[INFO] [stderr] in the future.
[INFO] [stderr]   Downloaded serde_json v0.7.1
[INFO] [stderr]   Downloaded dotenv v0.8.0
[INFO] [stderr]   Downloaded quasi_codegen v0.11.0
[INFO] [stderr]   Downloaded quasi v0.11.0
[INFO] [stderr]   Downloaded buf_redux v0.1.3
[INFO] [stderr]   Downloaded env_logger v0.3.3
[INFO] [stderr]   Downloaded num_cpus v0.2.12
[INFO] [stderr]   Downloaded openssl-sys-extras v0.7.13
[INFO] [stderr]   Downloaded r2d2 v0.7.0
[INFO] [stderr]   Downloaded aster v0.17.0
[INFO] [stderr]   Downloaded openssl-sys v0.7.13
[INFO] [stderr]   Downloaded openssl v0.7.13
[INFO] [stderr]   Downloaded serde v0.7.5
[INFO] [stderr]   Downloaded url v0.2.38
[INFO] [stderr]   Downloaded phf_generator v0.7.15
[INFO] [stderr]   Downloaded phf_codegen v0.7.15
[INFO] [stderr]   Downloaded cookie v0.2.4
[INFO] [stderr]   Downloaded gcc v0.3.28
[INFO] [stderr]   Downloaded mime v0.2.0
[INFO] [stderr]   Downloaded dotenv_codegen v0.8.1
[INFO] [stderr]   Downloaded diesel v0.6.2
[INFO] [stderr]   Downloaded dotenv_macros v0.8.0
[INFO] [stderr]   Downloaded multipart v0.7.0
[INFO] [stderr]   Downloaded r2d2-diesel v0.6.0
[INFO] [stderr]   Downloaded logger v0.0.3
[INFO] [stderr]   Downloaded mime_guess v1.6.1
[INFO] [stderr]   Downloaded persistent v0.1.0
[INFO] [stderr]   Downloaded bodyparser v0.3.0
[INFO] [stderr]   Downloaded serde_macros v0.7.8
[INFO] [stderr]   Downloaded pq-sys v0.2.1
[INFO] [stderr]   Downloaded params v0.2.2
[INFO] [stderr]   Downloaded queryst v1.0.0
[INFO] [stderr]   Downloaded urlencoded v0.3.0
[INFO] [stderr]   Downloaded jsonway v1.0.0
[INFO] [stderr]   Downloaded diesel_codegen v0.6.2
[INFO] [stderr]   Downloaded serde_codegen v0.7.8
[INFO] [stderr]   Downloaded clippy v0.0.71
[INFO] [stderr]   Downloaded valico v1.0.0
[INFO] [stderr]   Downloaded nom v1.2.3
[INFO] [stderr]   Downloaded quasi_macros v0.11.0
[INFO] [stderr]   Downloaded clippy_lints v0.0.71
[INFO] running `Command { std: "docker" "create" "-v" "/var/lib/crater-agent-workspace/builds/worker-4/target:/opt/rustwide/target:rw,Z" "-v" "/var/lib/crater-agent-workspace/builds/worker-4/source:/opt/rustwide/workdir:ro,Z" "-v" "/var/lib/crater-agent-workspace/cargo-home:/opt/rustwide/cargo-home:ro,Z" "-v" "/var/lib/crater-agent-workspace/rustup-home:/opt/rustwide/rustup-home:ro,Z" "-e" "SOURCE_DIR=/opt/rustwide/workdir" "-e" "CARGO_TARGET_DIR=/opt/rustwide/target" "-e" "CARGO_HOME=/opt/rustwide/cargo-home" "-e" "RUSTUP_HOME=/opt/rustwide/rustup-home" "-w" "/opt/rustwide/workdir" "-m" "1610612736" "--user" "0:0" "--network" "none" "ghcr.io/rust-lang/crates-build-env/linux@sha256:20528e8c29e4536546f0102ce88568b16ea7538393a33fcca951030f7af10457" "/opt/rustwide/cargo-home/bin/cargo" "+881c1ac408d93bb7adaa3a51dabab9266e82eee8" "metadata" "--no-deps" "--format-version=1", kill_on_drop: false }`
[INFO] [stdout] 8738bdad185e155519a422229e1118cdca2799304dfab00ce88d2eb59c0d88eb
[INFO] [stderr] WARNING: Your kernel does not support swap limit capabilities or the cgroup is not mounted. Memory limited without swap.
[INFO] running `Command { std: "docker" "start" "-a" "8738bdad185e155519a422229e1118cdca2799304dfab00ce88d2eb59c0d88eb", kill_on_drop: false }`
[INFO] running `Command { std: "docker" "inspect" "8738bdad185e155519a422229e1118cdca2799304dfab00ce88d2eb59c0d88eb", kill_on_drop: false }`
[INFO] running `Command { std: "docker" "rm" "-f" "8738bdad185e155519a422229e1118cdca2799304dfab00ce88d2eb59c0d88eb", kill_on_drop: false }`
[INFO] [stdout] 8738bdad185e155519a422229e1118cdca2799304dfab00ce88d2eb59c0d88eb
[INFO] running `Command { std: "docker" "create" "-v" "/var/lib/crater-agent-workspace/builds/worker-4/target:/opt/rustwide/target:rw,Z" "-v" "/var/lib/crater-agent-workspace/builds/worker-4/source:/opt/rustwide/workdir:ro,Z" "-v" "/var/lib/crater-agent-workspace/cargo-home:/opt/rustwide/cargo-home:ro,Z" "-v" "/var/lib/crater-agent-workspace/rustup-home:/opt/rustwide/rustup-home:ro,Z" "-e" "SOURCE_DIR=/opt/rustwide/workdir" "-e" "CARGO_TARGET_DIR=/opt/rustwide/target" "-e" "CARGO_INCREMENTAL=0" "-e" "RUST_BACKTRACE=full" "-e" "RUSTFLAGS=--cap-lints=forbid" "-e" "CARGO_HOME=/opt/rustwide/cargo-home" "-e" "RUSTUP_HOME=/opt/rustwide/rustup-home" "-w" "/opt/rustwide/workdir" "-m" "1610612736" "--user" "0:0" "--network" "none" "ghcr.io/rust-lang/crates-build-env/linux@sha256:20528e8c29e4536546f0102ce88568b16ea7538393a33fcca951030f7af10457" "/opt/rustwide/cargo-home/bin/cargo" "+881c1ac408d93bb7adaa3a51dabab9266e82eee8" "build" "--frozen" "--message-format=json", kill_on_drop: false }`
[INFO] [stdout] b9e1c535d9e6e220f2d29399322d5d0cc3f436bfbce60fc774f23eb31d10845c
[INFO] [stderr] WARNING: Your kernel does not support swap limit capabilities or the cgroup is not mounted. Memory limited without swap.
[INFO] running `Command { std: "docker" "start" "-a" "b9e1c535d9e6e220f2d29399322d5d0cc3f436bfbce60fc774f23eb31d10845c", kill_on_drop: false }`
[INFO] [stderr] warning: parsed version requirement `0.2*` is no longer valid
[INFO] [stderr] 
[INFO] [stderr] Previous versions of Cargo accepted this malformed requirement,
[INFO] [stderr] but it is being deprecated. This was found when parsing the manifest
[INFO] [stderr] of iron 0.3.0, and the correct version requirement is `0.2.*`.
[INFO] [stderr] 
[INFO] [stderr] This will soon become a hard error, so it's either recommended to
[INFO] [stderr] update to a fixed version or contact the upstream maintainer about
[INFO] [stderr] this warning.
[INFO] [stderr] 
[INFO] [stderr] warning: TOML file found which contains invalid syntax and will soon not parse
[INFO] [stderr] at `/opt/rustwide/cargo-home/registry/src/github.com-1ecc6299db9ec823/url-0.5.9/Cargo.toml`.
[INFO] [stderr] 
[INFO] [stderr] The TOML spec requires newlines after table definitions (e.g., `[a] b = 1` is
[INFO] [stderr] invalid), but this file has a table header which does not have a newline after
[INFO] [stderr] it. A newline needs to be added and this warning will soon become a hard error
[INFO] [stderr] in the future.
[INFO] [stderr]    Compiling winapi v0.2.7
[INFO] [stderr]    Compiling rustc-serialize v0.3.19
[INFO] [stderr]    Compiling pkg-config v0.3.8
[INFO] [stderr]    Compiling unicode-normalization v0.1.2
[INFO] [stderr]    Compiling traitobject v0.0.3
[INFO] [stderr]    Compiling num-traits v0.1.32
[INFO] [stderr]    Compiling regex-syntax v0.3.3
[INFO] [stderr]    Compiling httparse v1.1.2
[INFO] [stderr]    Compiling serde v0.7.5
[INFO] [stderr]    Compiling pq-sys v0.2.1
[INFO] [stderr]    Compiling aster v0.17.0
[INFO] [stderr]    Compiling serde_codegen v0.7.8
[INFO] [stderr]    Compiling byteorder v0.3.13
[INFO] [stderr]    Compiling sequence_trie v0.0.13
[INFO] [stderr]    Compiling diesel_codegen v0.6.2
[INFO] [stderr]    Compiling quasi v0.11.0
[INFO] [stdout] error[E0463]: can't find crate for `syntax`
[INFO] [stdout]   --> /opt/rustwide/cargo-home/registry/src/github.com-1ecc6299db9ec823/quasi-0.11.0/src/lib.rs:19:1
[INFO] [stdout]    |
[INFO] [stdout] 19 | extern crate syntax;
[INFO] [stdout]    | ^^^^^^^^^^^^^^^^^^^^ can't find crate
[INFO] [stdout] 
[INFO] [stdout] 
[INFO] [stdout] error: aborting due to previous error
[INFO] [stdout] 
[INFO] [stdout] 
[INFO] [stdout] For more information about this error, try `rustc --explain E0463`.
[INFO] [stdout] 
[INFO] [stderr] error: could not compile `quasi`
[INFO] [stderr] 
[INFO] [stderr] To learn more, run the command again with --verbose.
[INFO] [stderr] warning: build failed, waiting for other jobs to finish...
[INFO] [stdout] error[E0463]: can't find crate for `syntax`
[INFO] [stdout]   --> /opt/rustwide/cargo-home/registry/src/github.com-1ecc6299db9ec823/aster-0.17.0/src/lib.rs:10:1
[INFO] [stdout]    |
[INFO] [stdout] 10 | extern crate syntax;
[INFO] [stdout]    | ^^^^^^^^^^^^^^^^^^^^ can't find crate
[INFO] [stdout] 
[INFO] [stdout] 
[INFO] [stdout] error[E0642]: patterns aren't allowed in functions without bodies
[INFO] [stdout]    --> /opt/rustwide/cargo-home/registry/src/github.com-1ecc6299db9ec823/rustc-serialize-0.3.19/src/serialize.rs:147:45
[INFO] [stdout]     |
[INFO] [stdout] 147 | ...                   &f_name: &str,
[INFO] [stdout]     |                       ^^^^^^^ pattern not allowed in function without body
[INFO] [stdout] 
[INFO] [stdout] 
[INFO] [stdout] error: aborting due to previous error
[INFO] [stdout] 
[INFO] [stdout] 
[INFO] [stdout] For more information about this error, try `rustc --explain E0463`.
[INFO] [stdout] 
[INFO] [stdout] error: aborting due to previous error
[INFO] [stdout] 
[INFO] [stdout] 
[INFO] [stdout] For more information about this error, try `rustc --explain E0642`.
[INFO] [stdout] 
[INFO] [stderr] error: build failed
[INFO] running `Command { std: "docker" "inspect" "b9e1c535d9e6e220f2d29399322d5d0cc3f436bfbce60fc774f23eb31d10845c", kill_on_drop: false }`
[INFO] running `Command { std: "docker" "rm" "-f" "b9e1c535d9e6e220f2d29399322d5d0cc3f436bfbce60fc774f23eb31d10845c", kill_on_drop: false }`
[INFO] [stdout] b9e1c535d9e6e220f2d29399322d5d0cc3f436bfbce60fc774f23eb31d10845c
